{"id":11245,"date":"2024-04-04T11:34:50","date_gmt":"2024-04-04T11:34:50","guid":{"rendered":"http:\/\/cbpara.ma\/para\/?post_type=product&#038;p=11245"},"modified":"2024-04-04T11:39:23","modified_gmt":"2024-04-04T11:39:23","slug":"nuxe-nuxuriance-ultra-contour-des-yeux-levres-anti-age-global-15ml","status":"publish","type":"product","link":"https:\/\/cbpara.ma\/para\/produit\/nuxe-nuxuriance-ultra-contour-des-yeux-levres-anti-age-global-15ml\/","title":{"rendered":"Nuxe Nuxuriance Ultra Contour des Yeux &#038; L\u00e8vres Anti-\u00c2ge Global \u2013 15ml"},"content":{"rendered":"<div class=\"product-section\">\n<div class=\"row\">\n<div class=\"large-10 col pb-0 mb-0\">\n<div class=\"panel entry-content\">\n<p>Le Contour des Yeux &amp; L\u00e8vres Anti-\u00c2ge Global Nuxe Nuxuriance Ultra, pr\u00e9sent\u00e9 en flacon de 15 ml, est un soin r\u00e9volutionnaire aux Cellules Bi-Florales de Safran et Bougainvillier. Il s\u2019attaque aux signes visibles du vieillissement cutan\u00e9 tels que les rides, le rel\u00e2chement de la peau, les taches, les poches et les cernes.<\/p>\n<p>Ce contour des yeux et des l\u00e8vres agit en lissant et en d\u00e9fatiguant ces zones fragiles. Il r\u00e9duit efficacement l\u2019apparence des rides, laissant la peau visiblement plus jeune et plus lumineuse.<\/p>\n<p><strong>Conseils d\u2019application :<\/strong><\/p>\n<p>Pour profiter pleinement des bienfaits de ce contour des yeux et l\u00e8vres anti-\u00e2ge global, suivez ces \u00e9tapes d\u2019application :<\/p>\n<ul>\n<li>Appliquez le produit matin et\/ou soir sur le contour des yeux et des l\u00e8vres.<\/li>\n<li>Pr\u00e9levez une petite quantit\u00e9 de produit et r\u00e9partissez-la entre les majeurs de chaque main.<\/li>\n<li>Lissez les paupi\u00e8res inf\u00e9rieures et sup\u00e9rieures en partant de l\u2019int\u00e9rieur vers l\u2019ext\u00e9rieur de l\u2019\u0153il. Exercez une l\u00e9g\u00e8re pression pendant 3 secondes vers le haut au niveau des tempes. R\u00e9p\u00e9tez cette op\u00e9ration 3 fois.<\/li>\n<li>Pincez simultan\u00e9ment les deux sourcils. R\u00e9p\u00e9tez cette op\u00e9ration de l\u2019int\u00e9rieur vers l\u2019ext\u00e9rieur de l\u2019\u0153il, 3 fois.<\/li>\n<li>Lissez le dessus et le dessous des l\u00e8vres dans un mouvement aller-retour, puis \u00e9tirez doucement les commissures des l\u00e8vres vers le haut en exer\u00e7ant une pression de 3 secondes. R\u00e9p\u00e9tez cette op\u00e9ration 3 fois.<\/li>\n<\/ul>\n<\/div>\n<\/div>\n<\/div>\n<\/div>\n<div class=\"product-section\">\n<div class=\"row\">\n<div class=\"large-2 col pb-0 mb-0\">\n<div class=\"product-section\">\n<div class=\"row\">\n<div class=\"large-10 col pb-0 mb-0\">\n<div class=\"panel entry-content\">\n<table class=\"woocommerce-product-attributes shop_attributes\">\n<tbody>\n<tr class=\"woocommerce-product-attributes-item woocommerce-product-attributes-item--attribute_pa_marque\">\n<th class=\"woocommerce-product-attributes-item__label\">MARQUE<\/th>\n<td class=\"woocommerce-product-attributes-item__value\">Nuxe<\/td>\n<\/tr>\n<tr class=\"woocommerce-product-attributes-item woocommerce-product-attributes-item--attribute_pa_gamme\">\n<th class=\"woocommerce-product-attributes-item__label\">GAMME<\/th>\n<td class=\"woocommerce-product-attributes-item__value\">Nuxuriance Ultra<\/td>\n<\/tr>\n<tr class=\"woocommerce-product-attributes-item woocommerce-product-attributes-item--attribute_pa_couleur\">\n<th class=\"woocommerce-product-attributes-item__label\">COULEUR<\/th>\n<td class=\"woocommerce-product-attributes-item__value\">Invisible \/ Transparent<\/td>\n<\/tr>\n<tr class=\"woocommerce-product-attributes-item woocommerce-product-attributes-item--attribute_pa_profil\">\n<th class=\"woocommerce-product-attributes-item__label\">PROFIL<\/th>\n<td class=\"woocommerce-product-attributes-item__value\">Adultes<\/td>\n<\/tr>\n<tr class=\"woocommerce-product-attributes-item woocommerce-product-attributes-item--attribute_pa_zone\">\n<th class=\"woocommerce-product-attributes-item__label\">ZONE<\/th>\n<td class=\"woocommerce-product-attributes-item__value\">Contour des yeux \/ Yeux, L\u00e8vres<\/td>\n<\/tr>\n<tr class=\"woocommerce-product-attributes-item woocommerce-product-attributes-item--attribute_pa_etat\">\n<th class=\"woocommerce-product-attributes-item__label\">\u00c9TAT<\/th>\n<td class=\"woocommerce-product-attributes-item__value\">Neuf<\/td>\n<\/tr>\n<tr class=\"woocommerce-product-attributes-item woocommerce-product-attributes-item--attribute_pa_texture\">\n<th class=\"woocommerce-product-attributes-item__label\">TEXTURE<\/th>\n<td class=\"woocommerce-product-attributes-item__value\">Soin<\/td>\n<\/tr>\n<\/tbody>\n<\/table>\n<\/div>\n<\/div>\n<\/div>\n<\/div>\n<div class=\"product-section\">\n<div class=\"row\">\n<div class=\"large-2 col pb-0 mb-0\"><\/div>\n<\/div>\n<\/div>\n<\/div>\n<\/div>\n<\/div>\n","protected":false},"excerpt":{"rendered":"<p>Le Contour des Yeux &amp; L\u00e8vres Anti-\u00c2ge Global Nuxe Nuxuriance Ultra, pr\u00e9sent\u00e9 en flacon de 15 ml, est un soin r\u00e9volutionnaire aux Cellules Bi-Florales de Safran et Bougainvillier. Il s\u2019attaque aux signes visibles du vieillissement cutan\u00e9 tels que les rides, le rel\u00e2chement de la peau, les taches, les poches et les cernes. Ce contour des [&hellip;]<\/p>\n","protected":false},"featured_media":11246,"comment_status":"open","ping_status":"closed","template":"","meta":{"site-sidebar-layout":"default","site-content-layout":"","ast-site-content-layout":"default","site-content-style":"default","site-sidebar-style":"default","ast-global-header-display":"","ast-banner-title-visibility":"","ast-main-header-display":"","ast-hfb-above-header-display":"","ast-hfb-below-header-display":"","ast-hfb-mobile-header-display":"","site-post-title":"","ast-breadcrumbs-content":"","ast-featured-img":"","footer-sml-layout":"","ast-disable-related-posts":"","theme-transparent-header-meta":"default","adv-header-id-meta":"","stick-header-meta":"","header-above-stick-meta":"","header-main-stick-meta":"","header-below-stick-meta":"","astra-migrate-meta-layouts":"set","ast-page-background-enabled":"default","ast-page-background-meta":{"desktop":{"background-color":"","background-image":"","background-repeat":"repeat","background-position":"center center","background-size":"auto","background-attachment":"scroll","background-type":"","background-media":"","overlay-type":"","overlay-color":"","overlay-opacity":"","overlay-gradient":""},"tablet":{"background-color":"","background-image":"","background-repeat":"repeat","background-position":"center center","background-size":"auto","background-attachment":"scroll","background-type":"","background-media":"","overlay-type":"","overlay-color":"","overlay-opacity":"","overlay-gradient":""},"mobile":{"background-color":"","background-image":"","background-repeat":"repeat","background-position":"center center","background-size":"auto","background-attachment":"scroll","background-type":"","background-media":"","overlay-type":"","overlay-color":"","overlay-opacity":"","overlay-gradient":""}},"ast-content-background-meta":{"desktop":{"background-color":"var(--ast-global-color-5)","background-image":"","background-repeat":"repeat","background-position":"center center","background-size":"auto","background-attachment":"scroll","background-type":"","background-media":"","overlay-type":"","overlay-color":"","overlay-opacity":"","overlay-gradient":""},"tablet":{"background-color":"var(--ast-global-color-5)","background-image":"","background-repeat":"repeat","background-position":"center center","background-size":"auto","background-attachment":"scroll","background-type":"","background-media":"","overlay-type":"","overlay-color":"","overlay-opacity":"","overlay-gradient":""},"mobile":{"background-color":"var(--ast-global-color-5)","background-image":"","background-repeat":"repeat","background-position":"center center","background-size":"auto","background-attachment":"scroll","background-type":"","background-media":"","overlay-type":"","overlay-color":"","overlay-opacity":"","overlay-gradient":""}}},"product_brand":[],"product_cat":[200,205,25],"product_tag":[],"class_list":{"0":"post-11245","1":"product","2":"type-product","3":"status-publish","4":"has-post-thumbnail","6":"product_cat-contour-des-yeux","7":"product_cat-soins-levres","8":"product_cat-visage","9":"desktop-align-left","10":"tablet-align-left","11":"mobile-align-left","13":"first","14":"instock","15":"sale","16":"taxable","17":"shipping-taxable","18":"purchasable","19":"product-type-simple"},"jetpack_sharing_enabled":true,"_links":{"self":[{"href":"https:\/\/cbpara.ma\/para\/wp-json\/wp\/v2\/product\/11245","targetHints":{"allow":["GET"]}}],"collection":[{"href":"https:\/\/cbpara.ma\/para\/wp-json\/wp\/v2\/product"}],"about":[{"href":"https:\/\/cbpara.ma\/para\/wp-json\/wp\/v2\/types\/product"}],"replies":[{"embeddable":true,"href":"https:\/\/cbpara.ma\/para\/wp-json\/wp\/v2\/comments?post=11245"}],"version-history":[{"count":3,"href":"https:\/\/cbpara.ma\/para\/wp-json\/wp\/v2\/product\/11245\/revisions"}],"predecessor-version":[{"id":11250,"href":"https:\/\/cbpara.ma\/para\/wp-json\/wp\/v2\/product\/11245\/revisions\/11250"}],"wp:featuredmedia":[{"embeddable":true,"href":"https:\/\/cbpara.ma\/para\/wp-json\/wp\/v2\/media\/11246"}],"wp:attachment":[{"href":"https:\/\/cbpara.ma\/para\/wp-json\/wp\/v2\/media?parent=11245"}],"wp:term":[{"taxonomy":"product_brand","embeddable":true,"href":"https:\/\/cbpara.ma\/para\/wp-json\/wp\/v2\/product_brand?post=11245"},{"taxonomy":"product_cat","embeddable":true,"href":"https:\/\/cbpara.ma\/para\/wp-json\/wp\/v2\/product_cat?post=11245"},{"taxonomy":"product_tag","embeddable":true,"href":"https:\/\/cbpara.ma\/para\/wp-json\/wp\/v2\/product_tag?post=11245"}],"curies":[{"name":"wp","href":"https:\/\/api.w.org\/{rel}","templated":true}]}}