{"id":3197,"date":"2022-06-14T21:31:06","date_gmt":"2022-06-14T21:31:06","guid":{"rendered":"http:\/\/cbpara.ma\/para\/?post_type=product&#038;p=3197"},"modified":"2022-06-14T21:32:08","modified_gmt":"2022-06-14T21:32:08","slug":"heliabrine-ampoules-cheveux-tonic-traitement-revitalisant-cheveux-ternes-mous-6x-10ml","status":"publish","type":"product","link":"https:\/\/cbpara.ma\/para\/produit\/heliabrine-ampoules-cheveux-tonic-traitement-revitalisant-cheveux-ternes-mous-6x-10ml\/","title":{"rendered":"H\u00c9LIABRINE AMPOULES CHEVEUX TONIC- TRAITEMENT REVITALISANT CHEVEUX TERNES MOUS 6X 10ML"},"content":{"rendered":"<p><strong>Description :<\/strong><\/p>\n<p>H\u00e9liabrine ampoules tonic traitement revitalisant cheveux ternes mous fatigu\u00e9s<br \/>\nS\u00e9rum revitalisant pour cheveux fatigu\u00e9s, cassants, ternes, sans tonus.<br \/>\nL\u2019association exclusive Centella Asiatica et extrait de Quinquina pr\u00e9vient la chute des cheveux et favorise leur croissance. Les huiles essentielles de Sauge, Arnica, Ortie, Cresson et Romarin prot\u00e8gent et stimulent le cuir chevelu.<br \/>\nD\u00e8s la premi\u00e8re application, ce s\u00e9rum redonne \u00e0 la chevelure volume, beaut\u00e9 et brillance.<br \/>\nJour apr\u00e8s jour, vous constaterez l\u2019action revitalisante des ampoules TONIC HELIABRINE\u00ae : les cheveux sont plus forts, sains et r\u00e9sistants.<br \/>\n<strong>Conseils d&rsquo;utilisation\u00a0:<\/strong><br \/>\nAppliquer 1 ampoule apr\u00e8s chaque shampooing sur cheveux essor\u00e9s mais encore humides. Masser l\u00e9g\u00e8rement le cuir chevelu du bout des doigts. S\u00e9cher les cheveux sans rincer.<br \/>\nAppliquer 3 fois par semaine pendant 1 mois chaque fois que les cheveux sont ternes, \u2018mous\u2019, cassants, d\u00e9vitalis\u00e9s<\/p>\n","protected":false},"excerpt":{"rendered":"<div id=\"product-description-short-1952\" class=\"product-description-short mb-3 \">\n<address>H\u00e9liabrine ampoules tonic traitement revitalisant cheveux ternes mous fatigu\u00e9s .SERUM revitalisant pour cheveux fatigu\u00e9s, cassants, ternes, sans tonus<\/address>\n<\/div>\n<div class=\"steasy_divider between_short_and_price\"><\/div>\n","protected":false},"featured_media":3198,"comment_status":"open","ping_status":"closed","template":"","meta":{"site-sidebar-layout":"default","site-content-layout":"default","ast-site-content-layout":"default","site-content-style":"default","site-sidebar-style":"default","ast-global-header-display":"","ast-banner-title-visibility":"","ast-main-header-display":"","ast-hfb-above-header-display":"","ast-hfb-below-header-display":"","ast-hfb-mobile-header-display":"","site-post-title":"","ast-breadcrumbs-content":"","ast-featured-img":"","footer-sml-layout":"","ast-disable-related-posts":"","theme-transparent-header-meta":"default","adv-header-id-meta":"","stick-header-meta":"","header-above-stick-meta":"","header-main-stick-meta":"","header-below-stick-meta":"","astra-migrate-meta-layouts":"default","ast-page-background-enabled":"default","ast-page-background-meta":{"desktop":{"background-color":"","background-image":"","background-repeat":"repeat","background-position":"center center","background-size":"auto","background-attachment":"scroll","background-type":"","background-media":"","overlay-type":"","overlay-color":"","overlay-opacity":"","overlay-gradient":""},"tablet":{"background-color":"","background-image":"","background-repeat":"repeat","background-position":"center center","background-size":"auto","background-attachment":"scroll","background-type":"","background-media":"","overlay-type":"","overlay-color":"","overlay-opacity":"","overlay-gradient":""},"mobile":{"background-color":"","background-image":"","background-repeat":"repeat","background-position":"center center","background-size":"auto","background-attachment":"scroll","background-type":"","background-media":"","overlay-type":"","overlay-color":"","overlay-opacity":"","overlay-gradient":""}},"ast-content-background-meta":{"desktop":{"background-color":"var(--ast-global-color-5)","background-image":"","background-repeat":"repeat","background-position":"center center","background-size":"auto","background-attachment":"scroll","background-type":"","background-media":"","overlay-type":"","overlay-color":"","overlay-opacity":"","overlay-gradient":""},"tablet":{"background-color":"var(--ast-global-color-5)","background-image":"","background-repeat":"repeat","background-position":"center center","background-size":"auto","background-attachment":"scroll","background-type":"","background-media":"","overlay-type":"","overlay-color":"","overlay-opacity":"","overlay-gradient":""},"mobile":{"background-color":"var(--ast-global-color-5)","background-image":"","background-repeat":"repeat","background-position":"center center","background-size":"auto","background-attachment":"scroll","background-type":"","background-media":"","overlay-type":"","overlay-color":"","overlay-opacity":"","overlay-gradient":""}}},"product_brand":[],"product_cat":[25],"product_tag":[],"class_list":{"0":"post-3197","1":"product","2":"type-product","3":"status-publish","4":"has-post-thumbnail","6":"product_cat-visage","7":"desktop-align-left","8":"tablet-align-left","9":"mobile-align-left","11":"first","12":"instock","13":"taxable","14":"shipping-taxable","15":"purchasable","16":"product-type-simple"},"jetpack_sharing_enabled":true,"_links":{"self":[{"href":"https:\/\/cbpara.ma\/para\/wp-json\/wp\/v2\/product\/3197","targetHints":{"allow":["GET"]}}],"collection":[{"href":"https:\/\/cbpara.ma\/para\/wp-json\/wp\/v2\/product"}],"about":[{"href":"https:\/\/cbpara.ma\/para\/wp-json\/wp\/v2\/types\/product"}],"replies":[{"embeddable":true,"href":"https:\/\/cbpara.ma\/para\/wp-json\/wp\/v2\/comments?post=3197"}],"version-history":[{"count":3,"href":"https:\/\/cbpara.ma\/para\/wp-json\/wp\/v2\/product\/3197\/revisions"}],"predecessor-version":[{"id":3201,"href":"https:\/\/cbpara.ma\/para\/wp-json\/wp\/v2\/product\/3197\/revisions\/3201"}],"wp:featuredmedia":[{"embeddable":true,"href":"https:\/\/cbpara.ma\/para\/wp-json\/wp\/v2\/media\/3198"}],"wp:attachment":[{"href":"https:\/\/cbpara.ma\/para\/wp-json\/wp\/v2\/media?parent=3197"}],"wp:term":[{"taxonomy":"product_brand","embeddable":true,"href":"https:\/\/cbpara.ma\/para\/wp-json\/wp\/v2\/product_brand?post=3197"},{"taxonomy":"product_cat","embeddable":true,"href":"https:\/\/cbpara.ma\/para\/wp-json\/wp\/v2\/product_cat?post=3197"},{"taxonomy":"product_tag","embeddable":true,"href":"https:\/\/cbpara.ma\/para\/wp-json\/wp\/v2\/product_tag?post=3197"}],"curies":[{"name":"wp","href":"https:\/\/api.w.org\/{rel}","templated":true}]}}